{"id":484,"date":"2024-08-18T15:09:36","date_gmt":"2024-08-18T13:09:36","guid":{"rendered":"http:\/\/easm2024.org\/?page_id=484"},"modified":"2024-08-21T15:15:25","modified_gmt":"2024-08-21T13:15:25","slug":"programme-and-practical-information","status":"publish","type":"page","link":"https:\/\/easm2024.org\/index.php\/programme-and-practical-information\/","title":{"rendered":"Programme and practical information"},"content":{"rendered":"\n<p>The conference will start soon and we are happy to provide you practical information and details about our programme.<\/p>\n\n\n\n<h2 class=\"wp-block-heading\">Programme<\/h2>\n\n\n\n<p>Here you can find pdf programme of the conference :<\/p>\n\n\n\n<p><a href=\"http:\/\/easm2024.org\/wp-content\/uploads\/2024\/08\/Programme-short-version.pdf\">Short version (Sessions and rooms)<\/a> <a href=\"http:\/\/easm2024.org\/wp-content\/uploads\/2024\/08\/Programme-long-version.pdf\">Long version (with presentations titles\/presenters)<\/a><\/p>\n\n\n\n<p>As you know we are updating permanently the programme due to last minute changes. So we encourage you to check the updating programme on <a href=\"https:\/\/www.conftool.com\/easm2024\/\">conftool<\/a> or on the app MyEASM.<\/p>\n\n\n\n<h2 class=\"wp-block-heading\">Exact locations<\/h2>\n\n\n\n<p>Here are the locations in the campus &#8216;Cit\u00e9 Descartes&#8217; where the conference will be organized. The registration desk will be open on Tuesday September 3rd from 2pm to the start of the openning ceremony in Bienven\u00fce building.<\/p>\n\n\n\n<p>Car parks are available and free on the campus. As the academic year has not already started, it will be easy to park your car.<\/p>\n\n\n\n<figure class=\"wp-block-image size-large\"><img loading=\"lazy\" decoding=\"async\" width=\"1024\" height=\"575\" src=\"http:\/\/easm2024.org\/wp-content\/uploads\/2024\/08\/Capture-decran-2024-08-18-a-14.39.27-1024x575.png\" alt=\"\" class=\"wp-image-487\" srcset=\"https:\/\/easm2024.org\/wp-content\/uploads\/2024\/08\/Capture-decran-2024-08-18-a-14.39.27-1024x575.png 1024w, https:\/\/easm2024.org\/wp-content\/uploads\/2024\/08\/Capture-decran-2024-08-18-a-14.39.27-300x168.png 300w, https:\/\/easm2024.org\/wp-content\/uploads\/2024\/08\/Capture-decran-2024-08-18-a-14.39.27-768x431.png 768w, https:\/\/easm2024.org\/wp-content\/uploads\/2024\/08\/Capture-decran-2024-08-18-a-14.39.27-1536x862.png 1536w, https:\/\/easm2024.org\/wp-content\/uploads\/2024\/08\/Capture-decran-2024-08-18-a-14.39.27-2048x1149.png 2048w\" sizes=\"auto, (max-width: 1024px) 100vw, 1024px\" \/><\/figure>\n\n\n\n<h2 class=\"wp-block-heading\">How to get to the Universit\u00e9 Gustave Eiffel ? <\/h2>\n\n\n\n<div class=\"wp-block-columns is-layout-flex wp-container-core-columns-is-layout-9d6595d7 wp-block-columns-is-layout-flex\">\n<div class=\"wp-block-column is-layout-flow wp-block-column-is-layout-flow\">\n<figure class=\"wp-block-image size-large\"><img loading=\"lazy\" decoding=\"async\" width=\"1024\" height=\"1024\" src=\"https:\/\/easm2024.org\/wp-content\/uploads\/2024\/08\/1724160666050-2-1024x1024.jpeg\" alt=\"\" class=\"wp-image-521\" srcset=\"https:\/\/easm2024.org\/wp-content\/uploads\/2024\/08\/1724160666050-2-1024x1024.jpeg 1024w, https:\/\/easm2024.org\/wp-content\/uploads\/2024\/08\/1724160666050-2-300x300.jpeg 300w, https:\/\/easm2024.org\/wp-content\/uploads\/2024\/08\/1724160666050-2-150x150.jpeg 150w, https:\/\/easm2024.org\/wp-content\/uploads\/2024\/08\/1724160666050-2-768x768.jpeg 768w, https:\/\/easm2024.org\/wp-content\/uploads\/2024\/08\/1724160666050-2-470x470.jpeg 470w, https:\/\/easm2024.org\/wp-content\/uploads\/2024\/08\/1724160666050-2.jpeg 1080w\" sizes=\"auto, (max-width: 1024px) 100vw, 1024px\" \/><\/figure>\n<\/div>\n\n\n\n<div class=\"wp-block-column is-layout-flow wp-block-column-is-layout-flow\">\n<figure class=\"wp-block-image size-large\"><img loading=\"lazy\" decoding=\"async\" width=\"1024\" height=\"1024\" src=\"https:\/\/easm2024.org\/wp-content\/uploads\/2024\/08\/1724160666139-1-1024x1024.jpeg\" alt=\"\" class=\"wp-image-522\" srcset=\"https:\/\/easm2024.org\/wp-content\/uploads\/2024\/08\/1724160666139-1-1024x1024.jpeg 1024w, https:\/\/easm2024.org\/wp-content\/uploads\/2024\/08\/1724160666139-1-300x300.jpeg 300w, https:\/\/easm2024.org\/wp-content\/uploads\/2024\/08\/1724160666139-1-150x150.jpeg 150w, https:\/\/easm2024.org\/wp-content\/uploads\/2024\/08\/1724160666139-1-768x768.jpeg 768w, https:\/\/easm2024.org\/wp-content\/uploads\/2024\/08\/1724160666139-1-470x470.jpeg 470w, https:\/\/easm2024.org\/wp-content\/uploads\/2024\/08\/1724160666139-1.jpeg 1080w\" sizes=\"auto, (max-width: 1024px) 100vw, 1024px\" \/><\/figure>\n<\/div>\n<\/div>\n\n\n\n<div class=\"wp-block-columns is-layout-flex wp-container-core-columns-is-layout-9d6595d7 wp-block-columns-is-layout-flex\">\n<div class=\"wp-block-column is-layout-flow wp-block-column-is-layout-flow\" style=\"flex-basis:25%\"><\/div>\n\n\n\n<div class=\"wp-block-column is-layout-flow wp-block-column-is-layout-flow\" style=\"flex-basis:50%\">\n<figure class=\"wp-block-image size-large\"><img loading=\"lazy\" decoding=\"async\" width=\"1024\" height=\"1024\" src=\"https:\/\/easm2024.org\/wp-content\/uploads\/2024\/08\/1724160666266-3-1024x1024.jpeg\" alt=\"\" class=\"wp-image-531\" srcset=\"https:\/\/easm2024.org\/wp-content\/uploads\/2024\/08\/1724160666266-3-1024x1024.jpeg 1024w, https:\/\/easm2024.org\/wp-content\/uploads\/2024\/08\/1724160666266-3-300x300.jpeg 300w, https:\/\/easm2024.org\/wp-content\/uploads\/2024\/08\/1724160666266-3-150x150.jpeg 150w, https:\/\/easm2024.org\/wp-content\/uploads\/2024\/08\/1724160666266-3-768x768.jpeg 768w, https:\/\/easm2024.org\/wp-content\/uploads\/2024\/08\/1724160666266-3-470x470.jpeg 470w, https:\/\/easm2024.org\/wp-content\/uploads\/2024\/08\/1724160666266-3.jpeg 1080w\" sizes=\"auto, (max-width: 1024px) 100vw, 1024px\" \/><\/figure>\n<\/div>\n\n\n\n<div class=\"wp-block-column is-layout-flow wp-block-column-is-layout-flow\" style=\"flex-basis:25%\"><\/div>\n<\/div>\n\n\n\n<h2 class=\"wp-block-heading\">Openning ceremony<\/h2>\n\n\n\n<p>The opening ceremony will take place in the university building ENSG\/ENPC (see map above)<\/p>\n\n\n\n<p>Date: 03\/09\/24   Time: 6pm to 8pm<\/p>\n\n\n\n<p>Place: Universit\u00e9 Gustave Eiffel , Amphith\u00e9\u00e2tre Caquot<\/p>\n\n\n\n<h2 class=\"wp-block-heading\"><strong>Social Eve<\/strong>ning<\/h2>\n\n\n\n<p>Enjoy an evening on a bar terrace to connect and converse with other colleagues. The first drink is free and pizzas will also be available. <\/p>\n\n\n\n<p>Date : 04\/09\/24 from 6:30pm<\/p>\n\n\n\n<p>Place : Bar Le Descartes, 19 Av. Andr\u00e9-Marie Amp\u00e8re, 77420 Champs-sur-Marne<\/p>\n\n\n\n<figure class=\"wp-block-image size-full\"><img loading=\"lazy\" decoding=\"async\" width=\"777\" height=\"462\" src=\"http:\/\/easm2024.org\/wp-content\/uploads\/2024\/08\/Capture-decran-2024-08-21-a-10.38.40.png\" alt=\"\" class=\"wp-image-504\" srcset=\"https:\/\/easm2024.org\/wp-content\/uploads\/2024\/08\/Capture-decran-2024-08-21-a-10.38.40.png 777w, https:\/\/easm2024.org\/wp-content\/uploads\/2024\/08\/Capture-decran-2024-08-21-a-10.38.40-300x178.png 300w, https:\/\/easm2024.org\/wp-content\/uploads\/2024\/08\/Capture-decran-2024-08-21-a-10.38.40-768x457.png 768w\" sizes=\"auto, (max-width: 777px) 100vw, 777px\" \/><\/figure>\n\n\n\n<h2 class=\"wp-block-heading\">Closing ceremony<\/h2>\n\n\n\n<p>The closing dinner will take place in &#8216;Espace Congr\u00e8s Les Esseli\u00e8res&#8217;, located: 3 Boulevard Chastenet de Gery, 94800 Villejuif.<\/p>\n\n\n\n<p>To get to the closing ceremony from Universit\u00e9 Gustave Eiffel we encourage to use public transport: <\/p>\n\n\n\n<p><strong>Option 1 : <\/strong>Take RER A (toward Paris) to Gare de Lyon, then switch to Metro Line 14 (toward A\u00e9roport d&#8217;Orly) and get off at Hopital Bic\u00e8tre . <\/p>\n\n\n\n<p><strong>Option 2 : <\/strong>Take RER A (toward Paris) to Ch\u00e2telet-Les Halles, then switch to Metro Line 7 (toward Villejuif-Louis Aragon) and get off at Villejuif-L\u00e9o Lagrange.<\/p>\n\n\n\n<p>The journey takes around 50 minutes from the university. The event will start at 7pm and end before the closure of public transport to allow you to come back to your hotel.<\/p>\n\n\n\n<p>Date : 06\/09\/24 from 7:00 pm<\/p>\n\n\n\n<p>Place : Espace Congr\u00e8s Les Esseli\u00e8res, 3 Boulevard Chastenet de Gery, 94800 Villejuif.<\/p>\n\n\n\n<div class=\"wp-block-columns is-layout-flex wp-container-core-columns-is-layout-9d6595d7 wp-block-columns-is-layout-flex\">\n<div class=\"wp-block-column is-layout-flow wp-block-column-is-layout-flow\" style=\"flex-basis:15%\"><\/div>\n\n\n\n<div class=\"wp-block-column is-layout-flow wp-block-column-is-layout-flow\" style=\"flex-basis:70%\"><\/div>\n\n\n\n<div class=\"wp-block-column is-layout-flow wp-block-column-is-layout-flow\" style=\"flex-basis:15%\"><\/div>\n<\/div>\n","protected":false},"excerpt":{"rendered":"<p>The conference will start soon and we are happy to provide you practical information and details about our programme. Programme Here you can find pdf programme of the conference : Short version (Sessions and rooms) Long version (with presentations titles\/presenters) As you know we are updating permanently the programme due to last minute changes. So &hellip; <\/p>\n","protected":false},"author":1,"featured_media":0,"parent":0,"menu_order":0,"comment_status":"closed","ping_status":"closed","template":"","meta":{"footnotes":""},"class_list":["post-484","page","type-page","status-publish","hentry"],"_links":{"self":[{"href":"https:\/\/easm2024.org\/index.php\/wp-json\/wp\/v2\/pages\/484","targetHints":{"allow":["GET"]}}],"collection":[{"href":"https:\/\/easm2024.org\/index.php\/wp-json\/wp\/v2\/pages"}],"about":[{"href":"https:\/\/easm2024.org\/index.php\/wp-json\/wp\/v2\/types\/page"}],"author":[{"embeddable":true,"href":"https:\/\/easm2024.org\/index.php\/wp-json\/wp\/v2\/users\/1"}],"replies":[{"embeddable":true,"href":"https:\/\/easm2024.org\/index.php\/wp-json\/wp\/v2\/comments?post=484"}],"version-history":[{"count":22,"href":"https:\/\/easm2024.org\/index.php\/wp-json\/wp\/v2\/pages\/484\/revisions"}],"predecessor-version":[{"id":557,"href":"https:\/\/easm2024.org\/index.php\/wp-json\/wp\/v2\/pages\/484\/revisions\/557"}],"wp:attachment":[{"href":"https:\/\/easm2024.org\/index.php\/wp-json\/wp\/v2\/media?parent=484"}],"curies":[{"name":"wp","href":"https:\/\/api.w.org\/{rel}","templated":true}]}}